 ((-13)/(-3))/(3 - 2662/891) is divided by 72.
63
Let x = -606 + 649. Calculate the remainder when x is divided by 9.
7
Let w be (1 - (-42)/(-18))*(-36)/(-8). Let p(i) = 7*i**2 - 44*i - 289. What is the remainder when p(w) is divided by 19?
18
Let f(t) = 112*t + 844. Calculate the remainder when f(6) is divided by 23.
21
Let k = 7363 - 7108. What is the remainder when k is divided by 139?
116
Let x(d) = -35*d - 908. What is the remainder when 259 is divided by x(-28)?
43
Suppose -2 = -3*s + 7. Suppose 55*n - 82*n + 486 = 0. Suppose 72 + n = s*a. Calculate the remainder when 89 is divided by a.
29
Suppose 198*k - 154*k - 166892 = 0. What is the remainder when k is divided by 52?
49
Let n = 20 - 20. Calculate the remainder when 81 is divided by (54 - 8)*(3/6 + n).
12
Let v be 4/(-24) + (-111)/(-18). Suppose 5*f = v*f - 26. Suppose 47 = 2*i + 15. Calculate the remainder when f is divided by i.
10
What is the remainder when -13*((-33)/(396/168) - -9) is divided by ((-22)/4)/(1/(-2))?
10
Let z(k) = -9*k**3 + 150*k**2 + 48*k + 55. Let p(w) = w**2 + 3 + w - 8*w - 7. Calculate the remainder when p(9) is divided by z(17).
2
Let d(c) = c**3 - c**2 + 45*c - 142. What is the remainder when d(4) is divided by 58?
28
Let d = 95 - 570. Let w = 512 + d. Calculate the remainder when 111 is divided by w.
0
Let l(h) = h**3 + 9*h**2 + 5*h + 4. Let f(s) = 6863*s + 165033. Calculate the remainder when f(-24) is divided by l(-6).
75
Suppose -2*s - b + 338 = -2*b, 0 = 3*b - 6. Suppose -18*a + 118 = -s. Calculate the remainder when 24 is divided by a.
8
Let d(c) = 100*c**3 + 3 - 190*c**3 - 2*c + 6*c**2 + 91*c**3. Let p be 494/(-95) + 8/(-10). What is the remainder when 162 is divided by d(p)?
12
Suppose -378 = 376*c - 379*c. Suppose -4*x = 20, -3*y + 1 = -5*x - 102. What is the remainder when c is divided by y?
22
Suppose 0*d - 2*d + 22 = -2*u, d - 35 = 5*u. Let z = u + 9. Calculate the remainder when 35 is divided by z.
2
Suppose -7*d = 43 - 57. Suppose -o + 1 - 8 = 0. Calculate the remainder when (-9 + 5)/(d/o) is divided by 8.
6
Let f(x) = x**2 - 7*x + 15. Let y be f(4). Suppose -8 = -k + y. What is the remainder when k is divided by 3*2/15*20?
3
Suppose -2*j + 1153 = 3*v - 2*v, -4*v + 3*j = -4579. What is the remainder when v is divided by ((-10)/(-4))/((-17)/(-68))?
7
Calculate the remainder when 879 is divided by (-9711)/(-286) - 12/(-264).
29
Suppose 3*i - 48 = -2*i + 4*k, 4 = i + 2*k. Calculate the remainder when (-9)/(63/(-56))*218/i is divided by 37.
33
Suppose -16*o - 3564 = 11*o. Let z = 150 + o. What is the remainder when 125 is divided by z?
17
Let j be (-3 - 17/(-3))/((-1)/(-6)). Suppose 15 + 33 = j*t. Calculate the remainder when 9 is divided by t.
0
Let c = 103 + -94. What is the remainder when (-1)/(-9)*c + 1 + 54 is divided by 15?
11
Let j = -221 - -241. What is the remainder when (-4 + (-6)/8)/((-5)/j) is divided by 5?
4
Let q(n) = -n**3 - 26*n**2 - 48*n + 19. What is the remainder when 245 is divided by q(-24)?
17
Let m = 41 + -22. Suppose 0 = 39*b - 36*b. Suppose -37*g + 48*g - 1034 = b. Calculate the remainder when g is divided by m.
18
Calculate the remainder when 522 is divided by 84/(-30)*(21 - 106).
46
Suppose -12*r - 58703 + 58979 = 0. Calculate the remainder when 13244 is divided by r.
19
Let j be (-2)/((-1040)/(-6675) - (-4)/(-30)). Let z = j - -98. Calculate the remainder when 32 is divided by z.
5
Suppose -23*f - 6*f = -435. Suppose -9*x + 792 = f*x. Calculate the remainder when 329 is divided by x.
32
Suppose -148*i = -118*i - 123720. Calculate the remainder when i is divided by 51.
44
Calculate the remainder when 23 is divided by ((-376)/(-141))/(4/33).
1
Let s be (0 + 2/(-8))/(12/(-48)). Let h = 13 + s. Let x(a) = -4*a**2 + 16*a + 4. Calculate the remainder when h is divided by x(4).
2
Suppose -5*g = -5, 0 = 6*n - 7*n + 4*g + 537. Suppose a = -4*t + 1040 + n, 5*t + 5*a = 1980. Let h = t - 282. Calculate the remainder when h is divided by 19.
18
Suppose 102 = 2*q + 2*l, -q - l = 4*q - 271. Let o(y) = -2*y**2 + 4*y**3 - 2*y**3 - y**2 + 2*y**3. What is the remainder when q is divided by o(2)?
15
Let v be 413 + (-6)/((-5)/5). Let l = -375 + v. Calculate the remainder when 159 is divided by l.
27
Calculate the remainder when 1940 is divided by 1/4 - (9 + (-1533)/28).
8
Calculate the remainder when 323 is divided by (-184)/(-8) - 10/(20/(-6)).
11
Calculate the remainder when 301 is divided by 74*(9/12 - 25/(-100)).
5
Suppose 87*y - 159442 = -46168. Calculate the remainder when y is divided by 219.
207
Suppose 76*y - 74*y + 10 = 0. Let d = 14 + y. Suppose 2*w - 3 = 9. What is the remainder when d is divided by w?
3
Suppose -q = 2*q - 198. Suppose -4*l = t - 3686, -5*l + 2*t + 1019 + 3608 = 0. What is the remainder when l is divided by q?
65
Let m(i) = -2*i**2 - 1. Let p be m(-1). Let f be -2 + (-3 + -12)/p. Suppose f*t + 12 = 4*t. Calculate the remainder when 33 is divided by t.
9
Let v be ((-12)/(-20))/((-2)/(-10)). Suppose 2*f = n + 4*f - 8, 3*n = 5*f + 24. Suppose 0 = v*x - 13 - n. Calculate the remainder when 13 is divided by x.
6
Let r = 5592 + -5576. Calculate the remainder when 5470 is divided by r.
14
Let g(v) = -4*v + 37. Let p be g(8). Suppose 4*k - 162 - 75 = -5*f, -2*k = 5*f - 231. What is the remainder when 213 is divided by 1/p - (-1926)/f?
41
Suppose -2*g - 542 = 8*s - 6*s, s + 4*g = -262. Let x = s - -400. Calculate the remainder when x is divided by 35.
21
Suppose 0 = -5*y, -3*m + 4*y = m - 20. Suppose -4*g - 117 = 327. Let d = 132 + g. Calculate the remainder when d is divided by m.
1
Calculate the remainder when 1273 is divided by 90/10 + 5 + 12.
25
Suppose 10*x = 6*x + 8. Suppose 1 = 4*m - 3, -x*q - 83 = -3*m. Calculate the remainder when 34 is divided by ((-3)/18*-3)/((-1)/q).
14
Let g(p) = -p**3 + 6*p**2 + 9*p - 4. Let u be g(7). Let f(o) = 15 - 3*o - 5*o**3 - 27 + u - 6*o**2. What is the remainder when f(-2) is divided by 11?
9
Suppose 6*w - 112 = 110. Suppose 2*c - 3*m - 17 = 7*c, c - 2*m = 7. Let u(q) = 6*q**2 - q + 1. Calculate the remainder when w is divided by u(c).
5
Let d(a) = a**2 + 53*a - 1820. What is the remainder when d(24) is divided by 16?
12
Let m(s) = -36*s**3 - s - 1. Let x = -32 + 143. Let w = x + -98. Calculate the remainder when m(-1) is divided by w.
10
Let i(y) = 83*y - 4921. What is the remainder when 516 is divided by i(61)?
90
Let o(h) = -137*h + 2787. What is the remainder when o(-25) is divided by 13?
11
Suppose 69*i = 5*u + 70*i - 1804, -3*u = i - 1084. What is the remainder when u is divided by 29?
12
Calculate the remainder when (5*(-3)/12)/((-19809)/1980 + 10) is divided by 6.
5
Let g(d) = 3*d**2 - 82*d - 59. What is the remainder when g(-25) is divided by 30?
26
Let g be ((-3190)/(-15) - 5) + (-2)/3. Let j = g - -240. Calculate the remainder when j is divided by 50.
47
Let d(t) = 454*t - 1966. What is the remainder when d(6) is divided by 109?
104
Let j = -8834 + 8874. Calculate the remainder when 56 is divided by j.
16
Suppose o - 215 = 3*j, -7*o + 3*o - j + 756 = 0. What is the remainder when 704 is divided by o?
131
Let c(a) = 15*a**2 - 4*a - 28. Calculate the remainder when c(-3) is divided by 103.
16
Suppose -41*g - 131 + 90 = 0. Let q(n) be the second derivative of 7*n**4/6 + n**3/6 - 3*n. Calculate the remainder when 100 is divided by q(g).
9
Calculate the remainder when 385 is divided by (0 + 42/7)*418/33.
5
Suppose -2200 = 87*n - 109*n. Calculate the remainder when n is divided by 12.
4
Suppose -13*b - 9370 = 4475. Calculate the remainder when 59 is divided by b/(-35) - (-12)/(-28).
29
Let q(l) be the first derivative of -9*l**2 - 49*l - 69. What is the remainder when 13 is divided by q(-3)?
3
Let h(u) = 57*u**2 + 228*u + 1. Calculate the remainder when h(-5) is divided by 1.
0
Suppose -5*g - 4549 = -3*j, 27*j - 25*j - 3066 = -5*g. What is the remainder when j is divided by 51?
44
Suppose -115464 = -61*w - 107*w + 32*w. Calculate the remainder when w is divided by 33.
24
Let t be ((-12)/(-10))/((-28)/(-1330)). Let v be 6/(-4)*(-266)/t. Suppose -v*f + 43 + 258 = 0. Calculate the remainder when f is divided by 16.
11
Suppose 9 = -3*c + 5*c + r, -3 = -2*c + r. What is the remainder when 702 is divided by c/(-2)*(-5170)/165?
44
Let z(k) = 2*k**3 + 16*k**2 - k + 1. Let j be z(-